 Let l(v) = -4*g(v) + 3*y(v). Let d be l(2). Suppose 4*u - 28 = -d*u. What is the remainder when 13 is divided by u?
6
Let u(x) = -x**3 + 4*x**2 + 2*x. What is the remainder when 31 is divided by u(4)?
7
Let y = -14 + 12. What is the remainder when (7 - -37)*(-4)/y is divided by 30?
28
Suppose -s - 36 = -4*s. Let r(l) = l - 4. Let m be r(3). Calculate the remainder when s is divided by -1*(0 + m) - -6.
5
Let y(g) = 24*g**3. Let l be y(1). Let k = 16 - l. What is the remainder when (-382)/(-8) + 6/k is divided by 16?
15
Suppose 10*r + 14 = 174. Let j(h) = -17*h - 4. Calculate the remainder when j(-3) is divided by r.
15
Let n(z) = -4*z**2 - 2*z**2 + 6*z**3 + 2 + 2 - 7*z**3. Calculate the remainder when n(-6) is divided by 3.
1
Suppose -z + 22 = z. What is the remainder when ((-8)/8)/((-1)/21) is divided by z?
10
Suppose -18*m + 225 = -153. What is the remainder when m is divided by 14?
7
Let r(v) = 2*v**2 - 9*v - 8. What is the remainder when 29 is divided by r(6)?
9
Let u = -15 + 19. Let w = 27 - u. Calculate the remainder when 43 is divided by w.
20
Calculate the remainder when 61 is divided by -3*(-7)/(0 + 2 - 1).
19
Suppose -2*w + 36 + 6 = 5*t, -5*t + 44 = 4*w. Calculate the remainder when t is divided by 5.
3
Let h(f) = -f - 1. Let t(x) = -3. Let c(q) = -h(q) - t(q). Suppose -2*n + 14 = 2*l, 2*l + 4*n - 8 = 5*n. What is the remainder when c(9) is divided by l?
3
Let j(z) = z. Let b = 15 + -11. Let r be j(b). Suppose -22 = 2*g - r*g. Calculate the remainder when 32 is divided by g.
10
Suppose 24 = 5*w - 51. Suppose -22 = -3*s - 5*r, -2*r + 4*r - 10 = 0. Calculate the remainder when w is divided by (s + 10)/(-3 - -4).
6
Calculate the remainder when 44 is divided by 3/9*0 + 15.
14
Calculate the remainder when -4 + (315/(-3))/(-3) is divided by 16.
15
Let a(p) = -p - 4. Let g be a(-6). Suppose -15 - 9 = g*y. Let b = y + 19. Calculate the remainder when 18 is divided by b.
4
What is the remainder when 55 is divided by (30/(-2))/((-3)/4)?
15
Let y = 18 + -8. Let w = 0 + y. What is the remainder when w is divided by 3?
1
What is the remainder when 41 is divided by (-6)/(-14) + (-55)/(-35) + 9?
8
Suppose -t = -2*t + 11. Suppose k + 0*k - 6 = 0. What is the remainder when t is divided by k?
5
Let o(f) = f**2 + 8*f + 4. What is the remainder when o(-8) is divided by 2?
0
Let w(g) = g + 7. Let p be w(-5). Suppose -h + 5*f = 7, p = 3*h - f - 33. Calculate the remainder when 50 is divided by h.
11
Let h = 5 - -15. What is the remainder when 53 is divided by h?
13
Let g = -5 - -11. Let n(r) be the third derivative of r**5/60 - 5*r**4/24 + 2*r**3/3 + 2*r**2. Calculate the remainder when n(g) is divided by 6.
4
Let y be 1 - 0 - (14 + -11). Let t = y - -16. What is the remainder when t is divided by 8?
6
Suppose 0 = 40*d - 43*d + 48. What is the remainder when 142 is divided by d?
14
Suppose 0 = 2*k - 0*k + 3*x - 27, 5*k - 93 = x. Calculate the remainder when 69 is divided by k.
15
Let p(z) = 15*z**2 + 4*z - 6. Calculate the remainder when p(2) is divided by 21.
20
Let y(l) = 2*l**3 - 4*l**2 + 3*l. Suppose 3*j + c = 13, -4*j - 2*c + 25 - 7 = 0. Suppose j = 2*g - 0. Calculate the remainder when 11 is divided by y(g).
5
Suppose -2*v - 3*c = -7*v - 14, -5*c + 2 = -3*v. Let i = v - -24. Suppose w + 38 = 2*w. Calculate the remainder when w is divided by i.
18
Let h(k) = k**3 - 6*k**2 - 4*k - 9. Let g be h(7). Calculate the remainder when (-5)/(-3) + 4/g is divided by 1.
0
Calculate the remainder when (1 + -1 + -1)/(2/(-254)) is divided by 8.
7
Let t = -1 + 15. Let s = -13 + t. Calculate the remainder when 3 is divided by s.
0
Let t(z) = 2*z**2 + 5*z - 9. Let j(h) = -h**2 + 11*h + 7. Calculate the remainder when j(8) is divided by t(-5).
15
Let w = -21 + 3. What is the remainder when (3/(-2))/(w/192) is divided by 6?
4
Let w = 5 + -1. Suppose t - 4*t - 14 = -o, w*o - 2*t - 86 = 0. Suppose 2*y + 2*y = 8, 5*f + 5*y = 70. Calculate the remainder when o is divided by f.
11
Suppose 9 = 3*a, -4 = -j - 3*a + 7. Calculate the remainder when 4 is divided by j.
0
Let h(c) = 10*c**3 + c**2. Suppose 3*u + 0 = 3. Let l = -2 - -22. What is the remainder when l is divided by h(u)?
9
Let t(u) = u**3 + u**2 - 5*u. Let g be t(4). Suppose 5*k + 6*d - g = d, 0 = 5*k + 2*d - 45. Calculate the remainder when k is divided by 2.
1
Calculate the remainder when -4*6/180 + 647/15 is divided by 5.
3
Suppose 0 = k - 25 + 4. What is the remainder when k is divided by 11?
10
Let m(g) = 2 - 3 + 1 - 2*g + 2. What is the remainder when m(-7) is divided by 6?
4
Let b be (-54)/(-15) + (-10)/(-25). Suppose -m = -b*m + 150. Calculate the remainder when m is divided by 17.
16
What is the remainder when ((-99)/18)/((-1)/4) is divided by 8?
6
Suppose -3*r + 192 = 2*q + 11, -q = 4. Calculate the remainder when r is divided by 16.
15
Suppose p + 0*p + 2*n = -6, -18 = -5*p + 2*n. Suppose 2*z - 3 = 3*v, -p*v = -8 - 2. Let l = 8 + -3. What is the remainder when z is divided by l?
4
Suppose -b + 560 = -6*b. Let r = b + 157. Suppose -r = -2*o - 3*o. Calculate the remainder when 35 is divided by o.
8
Let d = 8 + 0. Let n = -3 + d. Let z(l) = -l**3 + 6*l**2 - 5*l + 2. What is the remainder when 5 is divided by z(n)?
1
Suppose -2*y + 81 = 3*z, 5*z - 2*y - 122 = -y. Calculate the remainder when z is divided by (-10)/(-4)*((-18)/10 + 7).
12
Let v = -104 + 172. Calculate the remainder when v is divided by 35.
33
Let d(b) = -b**2 + 4*b + 5. Let w be d(5). Let n(t) = 3*t**2 - 5*t**2 - t - 17 + 41 + t**2. Calculate the remainder when n(w) is divided by 13.
11
Let i = 6 - 6. Suppose -d - 1 + 17 = i. What is the remainder when 30 is divided by d?
14
Let n(k) = 8*k - 7. Suppose -3*r - 2 + 17 = 0. Calculate the remainder when n(r) is divided by 12.
9
Let w be (-2)/4 + (-660)/(-8). Suppose -4 = 3*k - w. What is the remainder when k is divided by 9?
8
Let u(m) = m**3 - 4*m**2 + 3*m - 10. Let b(l) = 4*l**3 - 15*l**2 + 11*l - 39. Let j(x) = -2*b(x) + 9*u(x). What is the remainder when j(6) is divided by 11?
7
Let s be 1 - -14 - (-2 + 4). Suppose -s = 4*v - 49. Let d = 207 + -190. What is the remainder when d is divided by v?
8
Let f = -15 + 17. Suppose 10 = f*r - 0. Calculate the remainder when 19 is divided by r.
4
Suppose 0 = -q - 3*q + 24. Suppose 4*w = h - 0*h - 59, -5*h = -w - 29. Let p = -3 - w. Calculate the remainder when p is divided by q.
5
Let i = 6 - 3. Let f(v) = -v**2 - 8*v - 4. Calculate the remainder when f(-5) is divided by i.
2
Let r(c) = 88*c**3 - 2*c**2 + 3*c - 2. Calculate the remainder when r(1) is divided by 22.
21
Let l = 3 - 1. Suppose 0 = l*q + 2*q - 3*k - 239, 4*q = -5*k + 263. Let o(x) = -x**3 - 9*x**2 - x + 12. Calculate the remainder when q is divided by o(-9).
20
Calculate the remainder when 80 is divided by -3 - (-2 - 1 - 21).
17
What is the remainder when 77 is divided by 0 + 4 + 13 - -3?
17
Suppose -2*n = 2*l + 20 - 70, -3*l + 53 = 2*n. Let x be (0 + 7)*(5 + 0). Suppose -3*h - x = -227. Calculate the remainder when h is divided by n.
20
Suppose 0 = g - 5*n - 69, 2*g + 3*n = -0*g + 99. Let f = g + -35. Let l = 3 + 7. Calculate the remainder when f is divided by l.
9
Let x(a) = -a. Let u(f) = 2*f - 5. Let h(l) = -u(l) - 3*x(l). Calculate the remainder when 37 is divided by h(5).
7
Let x(a) = a + 27. Calculate the remainder when 41 is divided by x(-13).
13
Let w = -104 - -160. Calculate the remainder when w is divided by 15.
11
Let l = 102 - 52. Let a(h) = 6*h**2 + 2*h - 2. Calculate the remainder when l is divided by a(2).
24
Suppose -5*c + 72 = 5*o - 43, 4*c = -2*o + 50. Let t(g) = 7*g**3 + 2*g + 1. What is the remainder when t(2) is divided by o?
19
Suppose 0 = -5*d + 5. Let h be (3 - 7/d) + 3. Calculate the remainder when (0 - 0)*h + 20 is divided by 7.
6
Suppose 1 = -r, 0 = 7*z - 2*z + r - 139. What is the remainder when z is divided by 10?
8
Suppose -7 = -0*g + g. Let a = 7 - g. Suppose 0 = -3*d + 2*n - 19 + 186, -232 = -4*d + 5*n. What is the remainder when d is divided by a?
11
Let o(i) be the second derivative of i**5/20 + 2*i**4/3 + i**3/3 - 4*i**2 + 9*i. Calculate the remainder when o(-7) is divided by 16.
11
Let y be 4/(-20) - 61/(-5). Suppose -y = -4*q + q. What is the remainder when 35 is divided by q/(-18)*-3*18?
11
Let s(x) = x**2 + 6*x + 23. Calculate the remainder when 56 